t is the thousands digit of 73298653?
8
What is the thousands digit of 25049226?
9
What is the tens digit of 324752524?
2
What is the hundreds digit of 3177818125?
1
What is the ten thousands digit of 2181749?
8
What is the millions digit of 9816338?
9
What is the units digit of 160084264?
4
What is the billions digit of 4652798609?
4
What is the ten thousands digit of 231501280?
0
What is the hundred thousands digit of 82076667?
0
What is the ten millions digit of 555130856?
5
What is the ten millions digit of 667572847?
6
What is the millions digit of 2670692376?
0
What is the ten millions digit of 26087428?
2
What is the hundred thousands digit of 2454861613?
8
What is the hundred millions digit of 488398536?
4
What is the ten millions digit of 37073319?
3
What is the thousands digit of 44452831?
2
What is the thousands digit of 88862109?
2
What is the hundred millions digit of 162373649?
1
What is the tens digit of 1513845504?
0
What is the tens digit of 779094?
9
What is the millions digit of 39708651?
9
What is the units digit of 1129417884?
4
What is the units digit of 11942386?
6
What is the ten thousands digit of 31412737?
1
What is the ten millions digit of 48798051?
4
What is the units digit of 531812477?
7
What is the units digit of 521909420?
0
What is the tens digit of 865122?
2
What is the tens digit of 191846489?
8
What is the units digit of 82592727?
7
What is the thousands digit of 103342955?
2
What is the millions digit of 943939398?
3
What is the hundred thousands digit of 102174190?
1
What is the ten thousands digit of 389159704?
5
What is the units digit of 49452263?
3
What is the tens digit of 296099926?
2
What is the tens digit of 907323270?
7
What is the tens digit of 55579303?
0
What is the hundred thousands digit of 12879132?
8
What is the thousands digit of 689475592?
5
What is the tens digit of 858039504?
0
What is the millions digit of 55988228?
5
What is the units digit of 405306355?
5
What is the ten millions digit of 382302822?
8
What is the ten thousands digit of 102626258?
2
What is the hundred millions digit of 613604932?
6
What is the ten thousands digit of 193720734?
2
What is the millions digit of 99386613?
9
What is the tens digit of 47336459?
5
What is the hundreds digit of 190372739?
7
What is the hundreds digit of 2485349395?
3
What is the hundreds digit of 1479134215?
2
What is the billions digit of 1089937719?
1
What is the thousands digit of 364099250?
9
What is the ten millions digit of 544867559?
4
What is the hundred thousands digit of 156964064?
9
What is the units digit of 4229751850?
0
What is the hundred millions digit of 258559742?
2
What is the thousands digit of 78439094?
9
What is the hundreds digit of 190601268?
2
What is the millions digit of 107311701?
7
What is the hundred millions digit of 668588244?
6
What is the hundred millions digit of 139318579?
1
What is the units digit of 377452507?
7
What is the hundred millions digit of 350147012?
3
What is the hundred thousands digit of 56696784?
6
What is the millions digit of 164903613?
4
What is the thousands digit of 35182796?
2
What is the hundred thousands digit of 373728196?
7
What is the thousands digit of 203786160?
6
What is the hundred millions digit of 1669541560?
6
What is the hundreds digit of 2365392719?
7
What is the hundreds digit of 1194266170?
1
What is the tens digit of 1867241904?
0
What is the hundred thousands digit of 22874588?
8
What is the hundreds digit of 94486854?
8
What is the tens digit of 20124215?
1
What is the units digit of 334555776?
6
What is the hundreds digit of 13901595?
5
What is the ten thousands digit of 812727224?
2
What is the units digit of 528208831?
1
What is the thousands digit of 1945709298?
9
What is the thousands digit of 265359840?
9
What is the hundred millions digit of 479929478?
4
What is the ten millions digit of 1629709008?
2
What is the hundreds digit of 5027413282?
2
What is the hundreds digit of 1193973655?
6
What is the millions digit of 37226895?
7
What is the millions digit of 16689230?
6
What is the millions digit of 419126488?
9
What is the hundred thousands digit of 515318298?
3
What is the millions digit of 766355496?
6
What is the units digit of 109957711?
1
What is the millions digit of 108383513?
8
What is the tens digit of 10064452?
5
What is the units digit of 69755476?
6
What is the thousands digit of 3833774754?
4
What is the thousands digit of 72368582?
8
What is the units digit of 218301466?
6
What is the ten millions digit of 141809425?
4
What is the ten thousands digit of 227133186?
3
What is the ten thousands digit of 199182731?
8
What is the hundreds digit of 190546180?
1
What is the tens digit of 50684786?
8
What is the ten thousands digit of 21377615?
7
What is the hundred millions digit of 460151406?
4
What is the tens digit of 9465010?
1
What is the tens digit of 104547913?
1
What is the hundreds digit of 596655294?
2
What is the hundreds digit of 53089823?
8
What is the hundreds digit of 974674990?
9
What is the millions digit of 243887084?
3
What is the ten thousands digit of 62771948?
7
What is the thousands digit of 214928669?
8
What is the ten millions digit of 166306059?
6
What is the hundreds digit of 108805464?
4
What is the hundreds digit of 1801121348?
3
What is the tens digit of 42131269?
6
What is the millions digit of 196641311?
6
What is the thousands digit of 2206545580?
5
What is the ten thousands digit of 1072292523?
9
What is the tens digit of 383157645?
4
What is the millions digit of 73729213?
3
What is the hundred millions digit of 2661610572?
6
What is the hundred thousands digit of 3120778428?
7
What is the hundreds digit of 15336872?
8
What is the hundred thousands digit of 2523890879?
8
What is the units digit of 43263691?
1
What is the thousands digit of 67824428?
4
What is the millions digit of 625867063?
5
What is the hundred thousands digit of 530714389?
7
What is the ten millions digit of 424131567?
2
What is the millions digit of 221685343?
1
What is the hundred thousands digit of 76223356?
2
What is the ten millions digit of 450489812?
5
What is the tens digit of 28174535?
3
What is the ten thousands digit of 75818763?
1
What is the hundreds digit of 99681329?
3
What is the tens digit of 69426314?
1
What is the ten thousands digit of 70918817?
1
What is the ten millions digit of 91111443?
9
What is the thousands digit of 61469562?
9
What is the hundreds digit of 49144439?
4
What is the millions digit of 855898708?
5
What is the hundreds digit of 74568200?
2
What is the tens digit of 563293274?
7
What is the tens digit of 94530403?
0
What is the thousands digit of 75212930?
2
What is the units digit of 317848593?
3
What is the units digit of 202750496?
6
What is the hundred thousands digit of 381313449?
3
What is the hundred thousands digit of 450570570?
5
What is the hundred thousands digit of 131127360?
1
What is the tens digit of 23394357?
5
What is the ten millions digit of 24491082?
2
What is the hundred millions digit of 239335771?
2
What is the billions digit of 3416468226?
3
What is the billions digit of 2083925478?
2
What is the tens digit of 677891997?
9
What is the hundred millions digit of 158848077?
1
What is the ten thousands digit of 12028771?
2
What is the millions digit of 58354011?
8
What is the ten millions digit of 8409953309?
0
What is the tens digit of 578204406?
0
What is the millions digit of 201087104?
1
What is the ten millions digit of 14631625?
1
What is the ten thousands digit of 3292173589?
7
What is the ten thousands digit of 49377597?
7
What is the tens digit of 39285792?
9
What is the hundreds digit of 621358374?
3
What is the millions digit of 134179053?
4
What is the ten millions digit of 3362525080?
6
What is the hundreds digit of 128265165?
1
What is the units digit of 116221248?
8
What is the hundred thousands digit of 35227205?
2
What is the billions digit of 3121026977?
3
What is the thousands digit of 170022133?
2
What is the ten thousands digit of 46842017?
4
What is the ten millions digit of 1168378100?
6
What is the ten millions digit of 1467117039?
6
What is the millions digit of 862477512?
2
What is the thousands digit of 92330615?
0
What is the hundred thousands digit of 515